 20. What is the remainder when w is divided by 22?
20
Let v be 3*6/(0 + -2). Let s = 12 + v. Suppose s*k - 83 = 34. What is the remainder when k is divided by 10?
9
Suppose -5*c = -0*c - 100. Let x = 219 + -207. Suppose x*a + 57 = 13*a. What is the remainder when a is divided by c?
17
Suppose -m + 5*m + 60 = 4*k, -5*k + 87 = -m. Suppose -4*d - 170 = -4*p + 114, 2*d = -10. What is the remainder when p is divided by k?
12
Let x be 1*(-108)/(-8)*-52. Suppose -16 - 177 = -3*j + i, -10 = -5*i. What is the remainder when j is divided by x/(-42) - 4/(-14)?
14
What is the remainder when (-5 - 195)/(-2) - (-8 - -11) is divided by 40?
17
Let f = 15 + -13. Let w(n) = 15*n - 7. Calculate the remainder when w(5) is divided by (f/1 - 0) + 21.
22
Let k = 2 - -25. Let a(n) = 2*n**2 - 3*n + 2. What is the remainder when a(7) is divided by k?
25
Let g = -382 - -412. What is the remainder when 268 is divided by g?
28
Suppose -5*d = -2*d - 93. Let r = -18 + d. Suppose g - 2*g - 4*h = -27, 0 = 2*g - h - 9. What is the remainder when r is divided by g?
6
Let g = 813 + -796. What is the remainder when 99 is divided by g?
14
Suppose 0 = 36*f - 665 - 19. Calculate the remainder when 1650 is divided by f.
16
Let q(x) = 4*x + 9. Let m(z) = z**2 + 1 + 0*z**2 + 2. Calculate the remainder when q(9) is divided by m(-3).
9
Suppose -26 = -5*p - 4*u, -3*p = -0*p + 5*u - 13. Let b = 17 - p. Let y = -92 + 124. What is the remainder when y is divided by b?
10
Let o = 416 - 136. Calculate the remainder when o is divided by 98.
84
Suppose -k + 5 = l, 0*l + 4*l = -3*k + 17. Suppose k*r - 547 = -2*r + 2*o, 4*r - 428 = 4*o. What is the remainder when r is divided by 56?
55
Let f(j) = j**3 + 17*j**2 - 27*j - 205. What is the remainder when f(-12) is divided by 14?
13
Suppose 2*v = 7*l - 12*l + 233, -6*v = 5*l - 729. What is the remainder when v is divided by 24?
4
Let j = -2 + -5. Let p(s) be the third derivative of -s**6/120 - s**5/10 + 7*s**4/24 + 2*s**3 + s**2. Calculate the remainder when 58 is divided by p(j).
10
Let m(r) = -2*r - 132. Let d be m(0). Calculate the remainder when (d/(-77))/(2/63) + -4 is divided by 17.
16
Let c = 356 + -328. Calculate the remainder when 503 is divided by c.
27
Let m be (-6 - -7)/((-3)/(-6)). Suppose -2*s = -r - 2*r - m, 3*r + 14 = 5*s. What is the remainder when 13 is divided by s?
1
Let v = 51 - 28. Let x(b) = 91*b**3 - 3*b**2 - 10*b + 12. What is the remainder when x(1) is divided by v?
21
Suppose 0 = 2*o + 9 + 3. Calculate the remainder when (14 - -2)/(1/2) is divided by 22/(-3)*9/o.
10
Suppose -3*m - 4*m = -371. What is the remainder when 191 is divided by m?
32
Let q be -2 - (-9 + 12/(-4)). Suppose 0 = -q*i + 12*i - 6. Calculate the remainder when ((-5)/3)/(2/(-12)) is divided by i.
1
Let a(j) = -j**3 - 2*j**2 + 4*j + 21. What is the remainder when 112 is divided by a(0)?
7
Suppose 10 = 2*n, -5*o + 4*o = 4*n - 41. What is the remainder when 61 is divided by o?
19
Let u(i) = 5*i**2 + 6*i + 9. Let q = -34 + 40. Let m(n) = -2*n**2 - 3*n - 4. Let v(f) = q*u(f) + 14*m(f). Calculate the remainder when v(4) is divided by 2.
0
Let o = -89 + 86. Let h = 56 + -34. Calculate the remainder when ((-86)/(-3))/(o/(-9)) is divided by h.
20
Suppose 2*y = 4*y + n, -3*n + 9 = -3*y. Let d(u) = -11*u - 5. Calculate the remainder when d(y) is divided by 2.
0
Suppose 7*q + 3462 = 3665. Calculate the remainder when 258 is divided by q.
26
Suppose -1092 - 276 = -6*f. Suppose 4*g - 33 = 3*g. Calculate the remainder when f is divided by g.
30
Suppose -5*r + 537 = 157. Let z = r - 18. Suppose -11*j = -9*j - z. What is the remainder when j is divided by 8?
5
Suppose -2*j - 30 = c, -j - 28 = j + 2*c. Let h = -16 - j. Suppose h*r - 48 = -2*r. Calculate the remainder when 45 is divided by r.
21
Let o = 1687 + -850. Calculate the remainder when o is divided by 140.
137
Let l(a) = a**2 + 12*a - 19. Suppose 4 = n - 11. What is the remainder when n is divided by l(-14)?
6
Calculate the remainder when 267 is divided by 8 + -1 - (-7 + 49)/(-14).
7
Suppose -16 = 2*c - 6*c, 4*c + 36 = 4*d. Let v be 1/(-5)*1 + (-234)/30. What is the remainder when d is divided by v/(-16)*(2 + (0 - -12))?
6
Suppose -582 = -4*b - 426. Calculate the remainder when 231 is divided by b.
36
Let s = 112 - 104. Suppose -26 = -2*u - 4*z, 4*z - s = 5*u - u. Calculate the remainder when 14 is divided by u.
2
Let r = 107 + -81. Calculate the remainder when 112 is divided by r.
8
Suppose a = -31 + 52. What is the remainder when a is divided by 3/5 + 111/15?
5
Let a(j) = -19*j + 110. What is the remainder when a(-12) is divided by 34?
32
Let j(q) = 5*q**2 + q. Suppose 8*a = 65 + 39. What is the remainder when j(2) is divided by a?
9
Suppose 5*n + 16*k - 14*k - 731 = 0, n = 4*k + 155. What is the remainder when n is divided by 44?
15
Let h = 6 + 15. Calculate the remainder when 5 is divided by (-4)/14 + 27/h + 3.
1
Suppose -d - 26 = -4*x, 3*d = -x + 2*d + 9. Let b = 10 - 4. Suppose 0 = 2*a - 32 + b. What is the remainder when a is divided by x?
6
Suppose -5*r + 31 - 6 = 0. Suppose -4*j + 28 + 4 = 0. Calculate the remainder when j is divided by r.
3
Suppose -5*t + 9*t - 36 = -s, -2*s - 38 = -3*t. Calculate the remainder when t is divided by 2*2/((-4)/(-3)).
1
Let v(k) = -18*k - 1. Let c(q) = q**2 + 6*q + 3. Let t be c(-7). Let i = t - 4. Calculate the remainder when v(-1) is divided by i.
5
Suppose -40 = -6*u + u. Let j be -6 + -8*(-4)/u. Calculate the remainder when 39 is divided by (-266)/(-28) - 1/j.
9
Let k(s) = -s**3 - 9*s**2 - 31*s - 5. Calculate the remainder when 152 is divided by k(-4).
35
Suppose 3*h = 5*l + 67, -h - 5*l + 2*l = 1. Suppose h*i = 9*i + 60. Let n(k) = k**3 - k**2 + 3*k - 4. What is the remainder when n(3) is divided by i?
11
Let z = 393 - 386. Calculate the remainder when 24 is divided by z.
3
Suppose 5*o + 5 - 25 = 0. Suppose -o*p + 36 + 183 = 5*n, -5*p + 168 = 4*n. What is the remainder when n is divided by 15?
2
Suppose h + 2 = 5, 5*y - 2*h = 104. What is the remainder when 395 is divided by y?
21
Suppose 0 = 5*k - 14 - 16. Let l(v) = -138 + 72 + 2*v + 62. What is the remainder when 13 is divided by l(k)?
5
Suppose 11748 = 46*h - 34*h. What is the remainder when h is divided by 49?
48
Calculate the remainder when 81 is divided by (-1)/(2/(-7))*(2 - 0).
4
Suppose -3*w - 51 = -t, 0 = 4*t + 38*w - 40*w - 244. What is the remainder when 245 is divided by t?
56
Suppose 44*v + 28*v - 3528 = 0. Calculate the remainder when v is divided by 10.
9
Suppose -10*t + 378 = -4*t. What is the remainder when 237 is divided by t?
48
Let j(s) = s + 39. Calculate the remainder when j(-18) is divided by 21.
0
Suppose 0 = 3*d + 2*d - 165. Calculate the remainder when d is divided by 56/(-16)*(-22)/11.
5
Let y = -174 - -184. What is the remainder when 53 is divided by y?
3
Let x(s) = s + 3. Let r be x(-3). Suppose -5*q = 3*k + 54, 4*k - 3 - 5 = r. Let h = q + 17. Calculate the remainder when 18 is divided by h.
3
Let p be (3 + 3)*(-8)/6. Let k(r) = -r - 7. Let d(g) = -2*g - 23. Let t(m) = -3*d(m) + 8*k(m). Calculate the remainder when 85 is divided by t(p).
27
Let d = -461 - -527. What is the remainder when d is divided by 14?
10
Let l be (2/(3*2))/(10/30). What is the remainder when 35 is divided by 15*((-2)/(-10) + l)?
17
Let h(l) = 18*l + 1. Let g be h(-1). Let i = 5 - g. Calculate the remainder when 84 is divided by i.
18
Let k(t) = -9*t**3 - 4*t**2 - t - 3. Let r be k(-3). Suppose -r = -3*p + 18. Let m(h) = -3*h - 101. What is the remainder when p is divided by m(-40)?
18
Let u = -27 - -33. Suppose u = -6*g + 72. What is the remainder when 61 is divided by g?
6
Suppose -15*i + 20*i = 275. Calculate the remainder when i is divided by 14.
13
Suppose -43 + 11 = -4*u. Suppose -u*n + 3*n + 10 = 0. Suppose -22 = n*v - 4*v. What is the remainder when 41 is divided by v?
8
Let d = -14 - -22. Suppose 261 + 159 = 5*s. Suppose t - 27 = 5*k, 30 + s = 5*t - 4*k. Calculate the remainder when t is divided by d.
6
Let p = 459 + -429. What is the remainder when 107 is divided by p?
17
What is the remainder when 25 is divided by 1 - 3 - (-6 - (-8 + 8))?
1
Suppose 0 = -2*w + 4. Suppose -s + 4*y - 11 = -w*s, 5*s + y = 17. Let u = 9 + s. Calculate the remainder when 33 is divided by u.
9
Suppose t = 2*t + 1, -2*o + 22 = 